ts digit of 727105179?
9
What is the tens digit of 2641433883?
8
What is the hundred thousands digit of 305161983?
1
What is the ten millions digit of 206577683?
0
What is the hundred thousands digit of 90881060?
8
What is the hundred millions digit of 2716887204?
7
What is the hundreds digit of 1074496609?
6
What is the millions digit of 13622308?
3
What is the units digit of 979818097?
7
What is the units digit of 171895193?
3
What is the thousands digit of 595751041?
1
What is the hundreds digit of 200218540?
5
What is the units digit of 10914675?
5
What is the millions digit of 65357404?
5
What is the hundred thousands digit of 35487957?
4
What is the millions digit of 1239641233?
9
What is the ten millions digit of 7580296890?
8
What is the hundreds digit of 1403258665?
6
What is the ten millions digit of 2012927985?
1
What is the ten millions digit of 236640721?
3
What is the hundred millions digit of 291536025?
2
What is the ten thousands digit of 1240421054?
2
What is the ten thousands digit of 2644576194?
7
What is the millions digit of 19778049?
9
What is the hundreds digit of 9039166?
1
What is the ten millions digit of 1696302345?
9
What is the millions digit of 1393788373?
3
What is the units digit of 22893641?
1
What is the hundred millions digit of 121466631?
1
What is the hundreds digit of 228220099?
0
What is the millions digit of 335757962?
5
What is the ten thousands digit of 187392605?
9
What is the thousands digit of 5070877?
0
What is the hundreds digit of 1788286190?
1
What is the tens digit of 4070585031?
3
What is the billions digit of 1061822755?
1
What is the billions digit of 3084008669?
3
What is the ten millions digit of 169205871?
6
What is the billions digit of 2052012048?
2
What is the ten thousands digit of 537574440?
7
What is the ten millions digit of 3497143775?
9
What is the millions digit of 2117187164?
7
What is the thousands digit of 513976488?
6
What is the hundreds digit of 1563661938?
9
What is the ten thousands digit of 8224191?
2
What is the hundred millions digit of 130067525?
1
What is the units digit of 823022287?
7
What is the units digit of 86537965?
5
What is the ten millions digit of 29955489?
2
What is the units digit of 1420540912?
2
What is the tens digit of 623789314?
1
What is the thousands digit of 46176736?
6
What is the ten thousands digit of 750424?
5
What is the units digit of 64685410?
0
What is the thousands digit of 2845138980?
8
What is the hundred thousands digit of 66563511?
5
What is the tens digit of 805846446?
4
What is the units digit of 3986090560?
0
What is the ten thousands digit of 32849438?
4
What is the thousands digit of 2641932679?
2
What is the ten thousands digit of 94135936?
3
What is the millions digit of 12703038?
2
What is the ten millions digit of 154794411?
5
What is the hundred thousands digit of 121871042?
8
What is the millions digit of 1947975811?
7
What is the hundreds digit of 1058181170?
1
What is the ten thousands digit of 40399871?
9
What is the hundred millions digit of 152194514?
1
What is the ten thousands digit of 40614388?
1
What is the hundreds digit of 42918537?
5
What is the ten millions digit of 17457631?
1
What is the ten millions digit of 114842165?
1
What is the units digit of 263713511?
1
What is the hundred thousands digit of 86611967?
6
What is the hundreds digit of 49081820?
8
What is the hundreds digit of 194711899?
8
What is the thousands digit of 8720519248?
9
What is the millions digit of 260897616?
0
What is the thousands digit of 79804310?
4
What is the hundreds digit of 43503693?
6
What is the billions digit of 5709811558?
5
What is the hundred thousands digit of 1776605948?
6
What is the ten millions digit of 493369172?
9
What is the ten thousands digit of 31744210?
4
What is the tens digit of 1279293292?
9
What is the ten thousands digit of 186409758?
0
What is the hundred millions digit of 634671575?
6
What is the hundreds digit of 711203535?
5
What is the billions digit of 2023490789?
2
What is the units digit of 51460037?
7
What is the tens digit of 111687505?
0
What is the units digit of 12362224?
4
What is the ten thousands digit of 578161919?
6
What is the hundred millions digit of 126193581?
1
What is the units digit of 47679311?
1
What is the hundreds digit of 117516775?
7
What is the ten thousands digit of 2426887415?
8
What is the units digit of 484063978?
8
What is the ten millions digit of 866878321?
6
What is the ten thousands digit of 37812664?
1
What is the hundred thousands digit of 536145444?
1
What is the ten thousands digit of 282286638?
8
What is the hundreds digit of 36255361?
3
What is the thousands digit of 20370427?
0
What is the units digit of 1533182106?
6
What is the ten millions digit of 12633213?
1
What is the tens digit of 78450442?
4
What is the hundred thousands digit of 761971841?
9
What is the thousands digit of 151013585?
3
What is the millions digit of 34483780?
4
What is the units digit of 44785727?
7
What is the hundred thousands digit of 807402659?
4
What is the hundred thousands digit of 71353498?
3
What is the thousands digit of 36926147?
6
What is the tens digit of 22701114?
1
What is the ten thousands digit of 1419721354?
2
What is the thousands digit of 42625525?
5
What is the ten thousands digit of 2842827767?
2
What is the thousands digit of 1675332326?
2
What is the hundreds digit of 168034738?
7
What is the tens digit of 3579585670?
7
What is the ten thousands digit of 1687381428?
8
What is the units digit of 68987011?
1
What is the thousands digit of 418460035?
0
What is the hundreds digit of 447245724?
7
What is the millions digit of 140601488?
0
What is the hundred thousands digit of 2804266459?
2
What is the ten thousands digit of 222598286?
9
What is the hundred thousands digit of 315165979?
1
What is the hundreds digit of 35288696?
6
What is the hundreds digit of 352478790?
7
What is the billions digit of 4733282106?
4
What is the units digit of 12886112?
2
What is the hundred thousands digit of 3437783?
4
What is the units digit of 900639024?
4
What is the thousands digit of 49676489?
6
What is the billions digit of 1560043175?
1
What is the hundred thousands digit of 1033317704?
3
What is the ten thousands digit of 7543913?
4
What is the thousands digit of 1556371536?
1
What is the millions digit of 4648617484?
8
What is the thousands digit of 49054356?
4
What is the thousands digit of 2349892068?
2
What is the billions digit of 1777281897?
1
What is the hundred millions digit of 2080506814?
0
What is the tens digit of 16409918?
1
What is the thousands digit of 68784236?
4
What is the ten thousands digit of 3147723140?
2
What is the units digit of 4484369?
9
What is the hundred thousands digit of 27525497?
5
What is the ten thousands digit of 534362251?
6
What is the hundred thousands digit of 4333859126?
8
What is the hundred thousands digit of 1400647?
4
What is the hundred millions digit of 212047268?
2
What is the millions digit of 307625454?
7
What is the units digit of 1602107?
7
What is the ten thousands digit of 130471335?
7
What is the ten thousands digit of 94695360?
9
What is the hundred thousands digit of 17925331?
9
What is the millions digit of 350725864?
0
What is the hundred thousands digit of 316817550?
8
What is the thousands digit of 1750718125?
8
What is the hundreds digit of 762001825?
8
What is the thousands digit of 2448891405?
1
What is the millions digit of 433604626?
3
What is the units digit of 1124151683?
3
What is the hundred thousands digit of 127413675?
4
What is the hundreds digit of 56681394?
3
What is the hundred millions digit of 527795354?
5
What is the hundred thousands digit of 76133404?
1
What is the ten millions digit of 6928017843?
2
What is the units digit of 1771665434?
4
What is the billions digit of 1028757020?
1
What is the ten thousands digit of 34747219?
4
What is the thousands digit of 203468417?
8
What is the hundred thousands digit of 93645834?
6
What is the hundreds digit of 239894344?
3
What is the units digit of 657326112?
2
What is the hundreds digit of 162746768?
7
What is the millions digit of 56734579?
6
What is the hundred millions digit of 4709122795?
7
What is the millions digit of 142168912?
2
What is 